15, what is -709 - 4?
-70d
In base 2, what is 10 - 11100011100?
-11100011010
In base 12, what is -21b + 7?
-214
In base 10, what is 18 + -2?
16
In base 13, what is -582 - 6?
-588
In base 11, what is -17 - 4?
-20
In base 10, what is -5 + 609?
604
In base 9, what is -1 + 180?
178
In base 14, what is -5 - 0?
-5
In base 4, what is -22302 + 11?
-22231
In base 8, what is 0 - -75?
75
In base 4, what is -1 - 131021?
-131022
In base 4, what is -2300 - 1?
-2301
In base 7, what is -13 - 222?
-235
In base 12, what is -145 - 8?
-151
In base 16, what is 8 + 29d?
2a5
In base 2, what is -1101 - 10010?
-11111
In base 14, what is -142 - 8?
-14a
In base 2, what is -11 + 100100101?
100100010
In base 16, what is 0 + -28d?
-28d
In base 10, what is 1089 - 3?
1086
In base 9, what is -1 - 82?
-83
In base 6, what is -43 - 32?
-115
In base 13, what is -3 - 1a9?
-1ac
In base 13, what is 311 + 3?
314
In base 15, what is -294 + 3?
-291
In base 9, what is 24 - -35?
60
In base 13, what is 1b6 - 8?
1ab
In base 15, what is 14 - -3?
17
In base 8, what is -72 - -126?
34
In base 4, what is -22 - 10?
-32
In base 2, what is 1010111 + -1011?
1001100
In base 10, what is -627 + 5?
-622
In base 4, what is 2 - 23?
-21
In base 14, what is -49a + -1?
-49b
In base 6, what is -130 - -105?
-21
In base 5, what is 10 - 1121?
-1111
In base 7, what is 10 - -541?
551
In base 8, what is -3573 + 3?
-3570
In base 9, what is -4 - 303?
-307
In base 16, what is 0 - 24f?
-24f
In base 4, what is -211 - -3222?
3011
In base 3, what is 101100 - 12?
101011
In base 9, what is 2 + 4?
6
In base 16, what is ad + 2?
af
In base 11, what is 41 + 186?
217
In base 10, what is 9 - -17?
26
In base 10, what is 4 - -3468?
3472
In base 12, what is -498 + 21?
-477
In base 8, what is -5741 + 1?
-5740
In base 14, what is 2 - -2299?
229b
In base 16, what is -58 + -23?
-7b
In base 9, what is -23151 - -4?
-23146
In base 13, what is -40 - 9?
-49
In base 10, what is -396 - -6?
-390
In base 5, what is 2112 - -3?
2120
In base 15, what is -1 + e7?
e6
In base 6, what is -51054 - -3?
-51051
In base 14, what is -18 - -456?
43c
In base 6, what is 22 - -54?
120
In base 5, what is -4 - 14433?
-14442
In base 13, what is -2 + 16?
14
In base 3, what is -120 - -122?
2
In base 14, what is 4 + 35?
39
In base 15, what is 39 - 3?
36
In base 5, what is -32 - 4143?
-4230
In base 6, what is -5 + -122?
-131
In base 7, what is 11216 + -3?
11213
In base 13, what is -21 + -366?
-387
In base 15, what is -232 + 1?
-231
In base 4, what is -23001 - -110?
-22231
In base 6, what is -3 + 205?
202
In base 2, what is 10011000000111 + -11?
10011000000100
In base 3, what is -100 - -1010?
210
In base 7, what is -26 - 246?
-305
In base 15, what is -4 - -10e8?
10e4
In base 10, what is -116 + -2?
-118
In base 13, what is 2 + -2b03?
-2b01
In base 5, what is -13200 + 4?
-13141
In base 15, what is 34 - -b?
40
In base 16, what is 1422 - -9?
142b
In base 3, what is -202 + -1?
-210
In base 8, what is 4 + 6545?
6551
In base 14, what is -5 + -45a?
-461
In base 12, what is 4 + -1bb?
-1b7
In base 7, what is 5 + 315?
323
In base 6, what is 1 + 10241?
10242
In base 3, what is 22122 + 100?
22222
In base 14, what is -16 - -2?
-14
In base 4, what is 13 + 33?
112
In base 7, what is -5 - 3?
-11
In base 3, what is -11102022 + -2?
-11102101
In base 15, what is -86 - 3?
-89
In base 10, what is 72 + 7?
79
In base 4, what is -3 - -3331?
3322
In base 3, what is -10 + 10222?
10212
In base 13, what is 8 - -155?
160
In base 6, what is 4 - -144?
152
In base 10, what is -3 - 4426?
-4429
In base 7, what is -3033 - -5?
-3025
In base 2, what is -101 - -110101000?
110100011
In base 6, what is 20254 + 1?
20255
In base 10, what is -212 - -4?
-208
In base 14, what is -182 - 2?
-184
In base 6, what is -4 + 22?
14
In base 15, what is -90d - 3?
-911
In base 6, what is 5 - 2140?
-2131
In base 15, what is 4 + 385?
389
In base 11, what is -2a8 + 40?
-268
In base 3, what is -222002 + 0?
-222002
In base 15, what is -2dce - 0?
-2dce
In base 8, what is 142 - 6?
134
In base 5, what is -102 + -13?
-120
In base 15, what is 0 - c?
-c
In base 2, what is -10001101 - 1?
-10001110
In base 2, what is -11 - 100011?
-100110
In base 13, what is 10468 + 3?
1046b
In base 13, what is -2 - 5b?
-60
In base 14, what is 2 - 4a?
-48
In base 2, what is 110 - 10011?
-1101
In base 2, what is -1001010111 + -101?
-1001011100
In base 16, what is -a - 141?
-14b
In base 11, what is 3 + -10a?
-107
In base 11, what is 525a - 5?
5255
In base 11, what is 1a6 + 110?
306
In base 10, what is 36 - -19?
55
In base 7, what is -2 + -50?
-52
In base 16, what is -80ae + -3?
-80b1
In base 12, what is 34 - -15?
49
In base 6, what is -334 - 34?
-412
In base 13, what is -1b47 + -1?
-1b48
In base 6, what is -144 + -1452?
-2040
In base 16, what is -3cb - -3?
-3c8
In base 12, what is 19 - 24a?
-231
In base 8, what is -1450 + 2?
-1446
In base 8, what is -3 + -131?
-134
In base 2, what is -11100 - 11110?
-111010
In base 12, what is 1 - -168?
169
In base 9, what is -22 + 122?
100
In base 3, what is -1120011 - -10?
-1120001
In base 10, what is -24 - -13?
-11
In base 7, what is -1132 + 1?
-1131
In base 8, what is 377 - 27?
350
In base 14, what is -57b - -1?
-57a
In base 15, what is -24 - b?
-30
In base 4, what is -1 + 211?
210
In base 16, what is -4 + -32?
-36
In base 15, what is 11 - -e5?
106
In base 12, what is 3731 - 5?
3728
In base 10, what is 2212 + -1?
2211
In base 4, what is -123 + -23?
-212
In base 5, what is -20110 + 3?
-20102
In base 10, what is 1022 + 1?
1023
In base 9, what is -13410 - -4?
-13405
In base 6, what is 0 + 501?
501
In base 11, what is -16 - -219?
203
In base 5, what is 2 + 10321?
10323
In base 7, what is -26 + 5?
-21
In base 8, what is 7 + -13?
-4
In base 16, what is -f1 + -19?
-10a
In base 11, what is -21 - 6a?
-90
In base 4, what is 11 + 10131?
10202
In base 15, what is e55 + -1?
e54
In base 5, what is 11242 + -10?
11232
In base 10, what is 7238 - 4?
7234
In base 3, what is 101 - 2?
22
In base 8, what is 1357 + -5?
1352
In base 12, what is 0 - -34?
34
In base 8, what is -4 + 43?
37
In base 11, what is a4a - -15?
a64
In base 4, what is 1 + -2231?
-2230
In base 5, what is -4 + -22?
-31
In base 6, what is 101 - -413?
514
In base 14, what is 1b + 79?
96
In base 7, what is -2425 + 1?
-2424
In base 11, what is 56 + -42?
14
In base 14, what is -79 + -2?
-7b
In base 9, what is -27 + -5?
-33
In base 9, what is -53 - -45?
-7
In base 6, what is -34 + 245?
211
In base 10, what is -2 - 183?
-185
In base 5, what is 3 + -4323?
-4320
In base 9, what is -873 + 33?
-840
In base 13, what is 24 - 3?
21
In base 7, what is 162 - -36?
231
In base 7, what is 12 + -241?
-226
In base 11, what is -4856 - -1?
-4855
In base 8, what is 53 + -1?
52
In base 2, what is 110 + 100011?
101001
In base 14, what is a - -69?
75
In base 12, what is -12 - 1a6?
-1b8
In base 11, what is -3 + 2465?
2462
In base 4, what is 11 + -302100?
-302023
In base 12, what is 1 - 30?
-2b
In base 2, what is 10 - 11001110101?
-11001110011
In base 5, what is 0 - 10120?
-10120
In base 2, what is -1 + 111111?
111110
In base 8, what is -765 - 2?
-767
In base 2, what is 100011011100 + 1?
100011011101
In base 9, what is -1 + -252?
-253
In base 2, what is 101 + 1110111?
1111100
In base 6, what is 1 + -124?
-123
In base 14, what is -8 - -58?
50
In base 8, what is -676 - -1?
-675
In base 15, what is 16d - 10?
15d
In base 15, what is -31 - 8?
-39
In base 6, what is -5 + -13?
-22
In base 3, what is 1 + 12002202?
12002210
In base 14, what is 53 - 0?
53
In base 5, what is 4103 + 2?
4110
In base 3, what is 2221 - 1222?
222
In base 14, what is 9672 + -4?
966c
In base 16, what is -a7 + 5?
-a2
In base 10, what is -137 - 0?
-137
In base 6, what is 3 + 554?
1001
In base 13, what is 15a + -2?
158
In base 8, what is 2007 + -3?
2004
In base 5, what is 2 - -23034?
23041
In base 6, what is -301 - -5?
-252
In base 11, what is 47 + -26?
21
In base 11, what is 164 - -1?
165
In base 9, what is -360 - -5?
-354
In base 12, what is 1 + 17?
18
In base 9, what is -2 - -2824?
2822
In base 14, what is 140 - 0?
140
In base 16, what is -17 - -4c?
35
In base 10, what is -5 - 30?
-35
In base 16, what is -1bff + 2?
-1bfd
In base 7, what is -3164 - -24?
-3140
In base 8, what is -2577 - -1?
-2576
In base 14, what is -1181 + -5?
-118